{"id":485,"date":"2025-01-26T20:27:21","date_gmt":"2025-01-26T20:27:21","guid":{"rendered":"https:\/\/kierunekusa.com\/katalog-firm-polonijnych\/?page_id=485"},"modified":"2025-02-20T17:21:43","modified_gmt":"2025-02-20T17:21:43","slug":"pakiet-dla-firm-polonijnych","status":"publish","type":"page","link":"https:\/\/kierunekusa.com\/katalog-firm-polonijnych\/pakiet-dla-firm-polonijnych\/","title":{"rendered":"Oferta specjalna dla firm polonijnych w USA"},"content":{"rendered":"\n<p class=\"has-text-color has-link-color wp-elements-18a915156a53574d10122512e397f6ea\" style=\"color:#034b8f\"><\/p>\n\n\n<p><style>\n.container3 {\n    display: grid;\n    grid-template-columns: 40% 60%;  \/* Sets the columns to 30% and 70% proportions *\/\n    gap: 20px;\n    padding: 0px;\n    margin-bottom: 50px;\n}\n       .container2 {\n            display: grid;\n            grid-template-columns: repeat(3, 1fr);\n            gap: 20px;\n            padding: 0px;\nmargin-bottom:50px;\n        }\n        .box2a {\n            background-color: none;\n            padding: 0px;\n            text-align: left;\n            border-radius: 8px;\nfont-size: 18pt;\n       }        .box2b {\n            background-color: #f5f5f5;\n            padding: 20px;\n            text-align: left;\n            border-radius: 8px;\n        }        .box2c {\n            background-color: none;\n            padding: 20px;\n            text-align: center;\n            border-radius: 8px;\n        }    .box3 {\n            background-color: none;\n            padding: 10px;\n            text-align: left;\n            border-radius: 0px;\n        }\n        \/* Mobile view *\/\n        @media (max-width: 768px) {\n            .container2 {\n                grid-template-columns: 1fr;\n            }<br \/>\n            .container3 {\n                grid-template-columns: 1fr;\n            }\n       }\n    <\/style><\/p>\n<div class=\"container2\">\n<div class=\"box2a\"><strong>Zapraszamy do skorzystania z\u00a0pakiet\u00f3w przygotowanych specjalnie dla Firm Polonijnych!<\/strong><\/div>\n<div class=\"box2b\">Przyk\u0142adowo: <strong>gotowa strona internetowa, wsparcie przez rok oraz reklama na naszej stronie<\/strong> to tylko <strong>$990!<\/strong><br \/><br \/>Mo\u017cesz dowolnie dobiera\u0107 r\u00f3\u017cne us\u0142ugi, oszcz\u0119dzaj\u0105c \u0142\u0105cz\u0105c je w pakiety.<\/div>\n<div class=\"box2c\"><img decoding=\"async\" src=\"https:\/\/kierunekusa.com\/katalog-firm-polonijnych\/wp-content\/uploads\/2025\/02\/oszczedzaj_dzieki_pakietom_dla_firm_na_polishwebsolutionscom.png\" \/><\/div>\n<\/div>\n<p><a href=\"https:\/\/polishwebsolutions.com\/\"> <img decoding=\"async\" style=\"width: 100%;\" src=\"https:\/\/kierunekusa.com\/katalog-firm-polonijnych\/wp-content\/uploads\/2025\/02\/odwiedz_polishwebsolutionscom.webp\" \/> <\/a><\/p>\n<hr style=\"height: 1px; background-color: #c1c1c1; border: none; \/* removes any border *\/            box-shadow: none;\" \/>\n<div class=\"container3\">\n<div class=\"box3\"><a href=\"https:\/\/polishwebsolutions.com\"> <img decoding=\"async\" style=\"width: 350px;\" src=\"https:\/\/kierunekusa.com\/katalog-firm-polonijnych\/wp-content\/uploads\/2025\/02\/polishwebsolutionsPoweredByPTP.jpg\" \/> <\/a><\/div>\n<div class=\"box3\"><span style=\"font-size: 18pt;\"><strong>Polish Web Solutions<\/strong> to specjalna marka firmy<br \/>Peter\u00a0The Programmer,\u00a0Corp., stworzona dla Polonii Ameryka\u0144skiej.<\/span><br \/><br \/>Oferujemy nie tylko us\u0142ugi zwi\u0105zane z tworzeniem stron internetowych, ale tak\u017ce skuteczn\u0105 promocj\u0119 dla firm polonijnych. Pomo\u017cemy Ci wyr\u00f3\u017cni\u0107 si\u0119 w sieci i dotrze\u0107 do wi\u0119kszej liczby klient\u00f3w.<br \/><br \/>Gwarantujemy sta\u0142y kontakt z osob\u0105 odpowiedzialn\u0105 za projekt oraz elastyczne podej\u015bcie do ka\u017cdego projektu i satysfakcj\u0119 z naszych us\u0142ug. <strong><br \/><br \/>Skontaktuj si\u0119 z nami i zacznij budowa\u0107 swoj\u0105 mark\u0119 ju\u017c dzi\u015b!<\/strong><\/div>\n<\/div>","protected":false},"excerpt":{"rendered":"<p>Zapraszamy do skorzystania z\u00a0pakiet\u00f3w przygotowanych specjalnie dla Firm Polonijnych! Przyk\u0142adowo: gotowa strona internetowa, wsparcie przez rok oraz reklama na naszej stronie to tylko $990! Mo\u017cesz dowolnie dobiera\u0107 r\u00f3\u017cne us\u0142ugi, oszcz\u0119dzaj\u0105c \u0142\u0105cz\u0105c je w pakiety. Polish Web Solutions to specjalna marka firmyPeter\u00a0The Programmer,\u00a0Corp., stworzona dla Polonii Ameryka\u0144skiej. Oferujemy nie tylko us\u0142ugi zwi\u0105zane z tworzeniem stron internetowych, [&hellip;]<\/p>\n","protected":false},"author":6,"featured_media":0,"parent":0,"menu_order":0,"comment_status":"closed","ping_status":"closed","template":"","meta":{"footnotes":""},"class_list":["post-485","page","type-page","status-publish","hentry"],"yoast_head":"<!-- This site is optimized with the Yoast SEO plugin v24.2 - https:\/\/yoast.com\/wordpress\/plugins\/seo\/ -->\n<title>Oferta specjalna dla firm polonijnych w USA - Katalog Firm Polonijnych - KierunekUSA.com<\/title>\n<meta name=\"robots\" content=\"index, follow, max-snippet:-1, max-image-preview:large, max-video-preview:-1\" \/>\n<link rel=\"canonical\" href=\"https:\/\/kierunekusa.com\/katalog-firm-polonijnych\/pakiet-dla-firm-polonijnych\/\" \/>\n<meta property=\"og:locale\" content=\"en_US\" \/>\n<meta property=\"og:type\" content=\"article\" \/>\n<meta property=\"og:title\" content=\"Oferta specjalna dla firm polonijnych w USA - Katalog Firm Polonijnych - KierunekUSA.com\" \/>\n<meta property=\"og:description\" content=\"Zapraszamy do skorzystania z\u00a0pakiet\u00f3w przygotowanych specjalnie dla Firm Polonijnych! Przyk\u0142adowo: gotowa strona internetowa, wsparcie przez rok oraz reklama na naszej stronie to tylko $990! Mo\u017cesz dowolnie dobiera\u0107 r\u00f3\u017cne us\u0142ugi, oszcz\u0119dzaj\u0105c \u0142\u0105cz\u0105c je w pakiety. Polish Web Solutions to specjalna marka firmyPeter\u00a0The Programmer,\u00a0Corp., stworzona dla Polonii Ameryka\u0144skiej. Oferujemy nie tylko us\u0142ugi zwi\u0105zane z tworzeniem stron internetowych, [&hellip;]\" \/>\n<meta property=\"og:url\" content=\"https:\/\/kierunekusa.com\/katalog-firm-polonijnych\/pakiet-dla-firm-polonijnych\/\" \/>\n<meta property=\"og:site_name\" content=\"Katalog Firm Polonijnych - KierunekUSA.com\" \/>\n<meta property=\"article:modified_time\" content=\"2025-02-20T17:21:43+00:00\" \/>\n<meta property=\"og:image\" content=\"https:\/\/kierunekusa.com\/katalog-firm-polonijnych\/wp-content\/uploads\/2025\/02\/oszczedzaj_dzieki_pakietom_dla_firm_na_polishwebsolutionscom.png\" \/>\n<meta name=\"twitter:card\" content=\"summary_large_image\" \/>\n<meta name=\"twitter:label1\" content=\"Est. reading time\" \/>\n\t<meta name=\"twitter:data1\" content=\"2 minutes\" \/>\n<script type=\"application\/ld+json\" class=\"yoast-schema-graph\">{\"@context\":\"https:\/\/schema.org\",\"@graph\":[{\"@type\":\"WebPage\",\"@id\":\"https:\/\/kierunekusa.com\/katalog-firm-polonijnych\/pakiet-dla-firm-polonijnych\/\",\"url\":\"https:\/\/kierunekusa.com\/katalog-firm-polonijnych\/pakiet-dla-firm-polonijnych\/\",\"name\":\"Oferta specjalna dla firm polonijnych w USA - Katalog Firm Polonijnych - KierunekUSA.com\",\"isPartOf\":{\"@id\":\"https:\/\/kierunekusa.com\/katalog-firm-polonijnych\/#website\"},\"primaryImageOfPage\":{\"@id\":\"https:\/\/kierunekusa.com\/katalog-firm-polonijnych\/pakiet-dla-firm-polonijnych\/#primaryimage\"},\"image\":{\"@id\":\"https:\/\/kierunekusa.com\/katalog-firm-polonijnych\/pakiet-dla-firm-polonijnych\/#primaryimage\"},\"thumbnailUrl\":\"https:\/\/kierunekusa.com\/katalog-firm-polonijnych\/wp-content\/uploads\/2025\/02\/oszczedzaj_dzieki_pakietom_dla_firm_na_polishwebsolutionscom.png\",\"datePublished\":\"2025-01-26T20:27:21+00:00\",\"dateModified\":\"2025-02-20T17:21:43+00:00\",\"breadcrumb\":{\"@id\":\"https:\/\/kierunekusa.com\/katalog-firm-polonijnych\/pakiet-dla-firm-polonijnych\/#breadcrumb\"},\"inLanguage\":\"en-US\",\"potentialAction\":[{\"@type\":\"ReadAction\",\"target\":[\"https:\/\/kierunekusa.com\/katalog-firm-polonijnych\/pakiet-dla-firm-polonijnych\/\"]}]},{\"@type\":\"ImageObject\",\"inLanguage\":\"en-US\",\"@id\":\"https:\/\/kierunekusa.com\/katalog-firm-polonijnych\/pakiet-dla-firm-polonijnych\/#primaryimage\",\"url\":\"https:\/\/kierunekusa.com\/katalog-firm-polonijnych\/wp-content\/uploads\/2025\/02\/oszczedzaj_dzieki_pakietom_dla_firm_na_polishwebsolutionscom.png\",\"contentUrl\":\"https:\/\/kierunekusa.com\/katalog-firm-polonijnych\/wp-content\/uploads\/2025\/02\/oszczedzaj_dzieki_pakietom_dla_firm_na_polishwebsolutionscom.png\",\"width\":445,\"height\":204},{\"@type\":\"BreadcrumbList\",\"@id\":\"https:\/\/kierunekusa.com\/katalog-firm-polonijnych\/pakiet-dla-firm-polonijnych\/#breadcrumb\",\"itemListElement\":[{\"@type\":\"ListItem\",\"position\":1,\"name\":\"Home\",\"item\":\"https:\/\/kierunekusa.com\/katalog-firm-polonijnych\/\"},{\"@type\":\"ListItem\",\"position\":2,\"name\":\"Oferta specjalna dla firm polonijnych w USA\"}]},{\"@type\":\"WebSite\",\"@id\":\"https:\/\/kierunekusa.com\/katalog-firm-polonijnych\/#website\",\"url\":\"https:\/\/kierunekusa.com\/katalog-firm-polonijnych\/\",\"name\":\"Katalog Firm Polonijnych - KierunekUSA.com\",\"description\":\"\",\"potentialAction\":[{\"@type\":\"SearchAction\",\"target\":{\"@type\":\"EntryPoint\",\"urlTemplate\":\"https:\/\/kierunekusa.com\/katalog-firm-polonijnych\/?s={search_term_string}\"},\"query-input\":{\"@type\":\"PropertyValueSpecification\",\"valueRequired\":true,\"valueName\":\"search_term_string\"}}],\"inLanguage\":\"en-US\"}]}<\/script>\n<!-- \/ Yoast SEO plugin. -->","yoast_head_json":{"title":"Oferta specjalna dla firm polonijnych w USA - Katalog Firm Polonijnych - KierunekUSA.com","robots":{"index":"index","follow":"follow","max-snippet":"max-snippet:-1","max-image-preview":"max-image-preview:large","max-video-preview":"max-video-preview:-1"},"canonical":"https:\/\/kierunekusa.com\/katalog-firm-polonijnych\/pakiet-dla-firm-polonijnych\/","og_locale":"en_US","og_type":"article","og_title":"Oferta specjalna dla firm polonijnych w USA - Katalog Firm Polonijnych - KierunekUSA.com","og_description":"Zapraszamy do skorzystania z\u00a0pakiet\u00f3w przygotowanych specjalnie dla Firm Polonijnych! Przyk\u0142adowo: gotowa strona internetowa, wsparcie przez rok oraz reklama na naszej stronie to tylko $990! Mo\u017cesz dowolnie dobiera\u0107 r\u00f3\u017cne us\u0142ugi, oszcz\u0119dzaj\u0105c \u0142\u0105cz\u0105c je w pakiety. Polish Web Solutions to specjalna marka firmyPeter\u00a0The Programmer,\u00a0Corp., stworzona dla Polonii Ameryka\u0144skiej. Oferujemy nie tylko us\u0142ugi zwi\u0105zane z tworzeniem stron internetowych, [&hellip;]","og_url":"https:\/\/kierunekusa.com\/katalog-firm-polonijnych\/pakiet-dla-firm-polonijnych\/","og_site_name":"Katalog Firm Polonijnych - KierunekUSA.com","article_modified_time":"2025-02-20T17:21:43+00:00","og_image":[{"url":"https:\/\/kierunekusa.com\/katalog-firm-polonijnych\/wp-content\/uploads\/2025\/02\/oszczedzaj_dzieki_pakietom_dla_firm_na_polishwebsolutionscom.png","type":"","width":"","height":""}],"twitter_card":"summary_large_image","twitter_misc":{"Est. reading time":"2 minutes"},"schema":{"@context":"https:\/\/schema.org","@graph":[{"@type":"WebPage","@id":"https:\/\/kierunekusa.com\/katalog-firm-polonijnych\/pakiet-dla-firm-polonijnych\/","url":"https:\/\/kierunekusa.com\/katalog-firm-polonijnych\/pakiet-dla-firm-polonijnych\/","name":"Oferta specjalna dla firm polonijnych w USA - Katalog Firm Polonijnych - KierunekUSA.com","isPartOf":{"@id":"https:\/\/kierunekusa.com\/katalog-firm-polonijnych\/#website"},"primaryImageOfPage":{"@id":"https:\/\/kierunekusa.com\/katalog-firm-polonijnych\/pakiet-dla-firm-polonijnych\/#primaryimage"},"image":{"@id":"https:\/\/kierunekusa.com\/katalog-firm-polonijnych\/pakiet-dla-firm-polonijnych\/#primaryimage"},"thumbnailUrl":"https:\/\/kierunekusa.com\/katalog-firm-polonijnych\/wp-content\/uploads\/2025\/02\/oszczedzaj_dzieki_pakietom_dla_firm_na_polishwebsolutionscom.png","datePublished":"2025-01-26T20:27:21+00:00","dateModified":"2025-02-20T17:21:43+00:00","breadcrumb":{"@id":"https:\/\/kierunekusa.com\/katalog-firm-polonijnych\/pakiet-dla-firm-polonijnych\/#breadcrumb"},"inLanguage":"en-US","potentialAction":[{"@type":"ReadAction","target":["https:\/\/kierunekusa.com\/katalog-firm-polonijnych\/pakiet-dla-firm-polonijnych\/"]}]},{"@type":"ImageObject","inLanguage":"en-US","@id":"https:\/\/kierunekusa.com\/katalog-firm-polonijnych\/pakiet-dla-firm-polonijnych\/#primaryimage","url":"https:\/\/kierunekusa.com\/katalog-firm-polonijnych\/wp-content\/uploads\/2025\/02\/oszczedzaj_dzieki_pakietom_dla_firm_na_polishwebsolutionscom.png","contentUrl":"https:\/\/kierunekusa.com\/katalog-firm-polonijnych\/wp-content\/uploads\/2025\/02\/oszczedzaj_dzieki_pakietom_dla_firm_na_polishwebsolutionscom.png","width":445,"height":204},{"@type":"BreadcrumbList","@id":"https:\/\/kierunekusa.com\/katalog-firm-polonijnych\/pakiet-dla-firm-polonijnych\/#breadcrumb","itemListElement":[{"@type":"ListItem","position":1,"name":"Home","item":"https:\/\/kierunekusa.com\/katalog-firm-polonijnych\/"},{"@type":"ListItem","position":2,"name":"Oferta specjalna dla firm polonijnych w USA"}]},{"@type":"WebSite","@id":"https:\/\/kierunekusa.com\/katalog-firm-polonijnych\/#website","url":"https:\/\/kierunekusa.com\/katalog-firm-polonijnych\/","name":"Katalog Firm Polonijnych - KierunekUSA.com","description":"","potentialAction":[{"@type":"SearchAction","target":{"@type":"EntryPoint","urlTemplate":"https:\/\/kierunekusa.com\/katalog-firm-polonijnych\/?s={search_term_string}"},"query-input":{"@type":"PropertyValueSpecification","valueRequired":true,"valueName":"search_term_string"}}],"inLanguage":"en-US"}]}},"_links":{"self":[{"href":"https:\/\/kierunekusa.com\/katalog-firm-polonijnych\/wp-json\/wp\/v2\/pages\/485","targetHints":{"allow":["GET"]}}],"collection":[{"href":"https:\/\/kierunekusa.com\/katalog-firm-polonijnych\/wp-json\/wp\/v2\/pages"}],"about":[{"href":"https:\/\/kierunekusa.com\/katalog-firm-polonijnych\/wp-json\/wp\/v2\/types\/page"}],"author":[{"embeddable":true,"href":"https:\/\/kierunekusa.com\/katalog-firm-polonijnych\/wp-json\/wp\/v2\/users\/6"}],"replies":[{"embeddable":true,"href":"https:\/\/kierunekusa.com\/katalog-firm-polonijnych\/wp-json\/wp\/v2\/comments?post=485"}],"version-history":[{"count":96,"href":"https:\/\/kierunekusa.com\/katalog-firm-polonijnych\/wp-json\/wp\/v2\/pages\/485\/revisions"}],"predecessor-version":[{"id":1046,"href":"https:\/\/kierunekusa.com\/katalog-firm-polonijnych\/wp-json\/wp\/v2\/pages\/485\/revisions\/1046"}],"wp:attachment":[{"href":"https:\/\/kierunekusa.com\/katalog-firm-polonijnych\/wp-json\/wp\/v2\/media?parent=485"}],"curies":[{"name":"wp","href":"https:\/\/api.w.org\/{rel}","templated":true}]}}